{"id":68,"date":"2025-11-13T11:07:29","date_gmt":"2025-11-13T10:07:29","guid":{"rendered":"https:\/\/sylwiaioskar.pl\/?page_id=68"},"modified":"2025-11-13T20:53:10","modified_gmt":"2025-11-13T19:53:10","slug":"potwierdzeni-obecnosci","status":"publish","type":"page","link":"https:\/\/sylwiaioskar.pl\/?page_id=68","title":{"rendered":"Potwierdzenie obecno\u015bci"},"content":{"rendered":"<style id=\"wpforms-css-vars-101-block-d07a2853-16b2-4a04-84e8-3f3273854125\">\n\t\t\t\t#wpforms-101.wpforms-block-d07a2853-16b2-4a04-84e8-3f3273854125 {\n\t\t\t\t--wpforms-field-size-input-height: 43px;\n--wpforms-field-size-input-spacing: 15px;\n--wpforms-field-size-font-size: 16px;\n--wpforms-field-size-line-height: 19px;\n--wpforms-field-size-padding-h: 14px;\n--wpforms-field-size-checkbox-size: 16px;\n--wpforms-field-size-sublabel-spacing: 5px;\n--wpforms-field-size-icon-size: 1;\n--wpforms-label-size-font-size: 16px;\n--wpforms-label-size-line-height: 19px;\n--wpforms-label-size-sublabel-font-size: 14px;\n--wpforms-label-size-sublabel-line-height: 17px;\n--wpforms-button-size-font-size: 17px;\n--wpforms-button-size-height: 41px;\n--wpforms-button-size-padding-h: 15px;\n--wpforms-button-size-margin-top: 10px;\n\t\t\t}\n\t\t\t<\/style><div class=\"wpforms-container wpforms-container-full wpforms-block wpforms-block-d07a2853-16b2-4a04-84e8-3f3273854125 wpforms-render-modern\" id=\"wpforms-101\"><form id=\"wpforms-form-101\" class=\"wpforms-validate wpforms-form wpforms-ajax-form\" data-formid=\"101\" method=\"post\" enctype=\"multipart\/form-data\" action=\"\/index.php?rest_route=%2Fwp%2Fv2%2Fpages%2F68\" data-token=\"4ce29748097603f6d5b896f666e5371a\" data-token-time=\"1776510698\"><noscript class=\"wpforms-error-noscript\">Please enable JavaScript in your browser to complete this form.<\/noscript><div id=\"wpforms-error-noscript\" style=\"display: none;\">Please enable JavaScript in your browser to complete this form.<\/div><div class=\"wpforms-field-container\"><div id=\"wpforms-101-field_1-container\" class=\"wpforms-field wpforms-field-name\" data-field-id=\"1\"><label class=\"wpforms-field-label\" for=\"wpforms-101-field_1\">Imi\u0119 i Nazwisko <span class=\"wpforms-required-label\" aria-hidden=\"true\">*<\/span><\/label><input type=\"text\" id=\"wpforms-101-field_1\" class=\"wpforms-field-medium wpforms-field-required\" name=\"wpforms[fields][1]\" aria-errormessage=\"wpforms-101-field_1-error\" required><\/div><div id=\"wpforms-101-field_4-container\" class=\"wpforms-field wpforms-field-radio\" data-field-id=\"4\"><fieldset><legend class=\"wpforms-field-label\">Gotowy na imprez\u0119 roku? Potwierd\u017a swoj\u0105 obecno\u015b\u0107!<\/legend><ul id=\"wpforms-101-field_4\"><li class=\"choice-1 depth-1\"><input type=\"radio\" id=\"wpforms-101-field_4_1\" name=\"wpforms[fields][4]\" value=\"Tak, b\u0119d\u0119 ta\u0144czy\u0107 do rana!\" aria-errormessage=\"wpforms-101-field_4_1-error\"  ><label class=\"wpforms-field-label-inline\" for=\"wpforms-101-field_4_1\">Tak, b\u0119d\u0119 ta\u0144czy\u0107 do rana!<\/label><\/li><li class=\"choice-2 depth-1\"><input type=\"radio\" id=\"wpforms-101-field_4_2\" name=\"wpforms[fields][4]\" value=\"Nie, b\u0119d\u0119 wtedy zaj\u0119ty ratowaniem \u015bwiata\" aria-errormessage=\"wpforms-101-field_4_2-error\"  ><label class=\"wpforms-field-label-inline\" for=\"wpforms-101-field_4_2\">Nie, b\u0119d\u0119 wtedy zaj\u0119ty ratowaniem \u015bwiata<\/label><\/li><\/ul><\/fieldset><\/div><div id=\"wpforms-101-field_13-container\" class=\"wpforms-field wpforms-field-radio\" data-field-id=\"13\"><fieldset><legend class=\"wpforms-field-label\">Czy przyjdziesz w towarzystwie? <span class=\"wpforms-required-label\" aria-hidden=\"true\">*<\/span><\/legend><ul id=\"wpforms-101-field_13\" class=\"wpforms-field-required\"><li class=\"choice-1 depth-1\"><input type=\"radio\" id=\"wpforms-101-field_13_1\" name=\"wpforms[fields][13]\" value=\"Tak\" aria-errormessage=\"wpforms-101-field_13_1-error\" required ><label class=\"wpforms-field-label-inline\" for=\"wpforms-101-field_13_1\">Tak<\/label><\/li><li class=\"choice-2 depth-1\"><input type=\"radio\" id=\"wpforms-101-field_13_2\" name=\"wpforms[fields][13]\" value=\"Nie\" aria-errormessage=\"wpforms-101-field_13_2-error\" required ><label class=\"wpforms-field-label-inline\" for=\"wpforms-101-field_13_2\">Nie<\/label><\/li><\/ul><\/fieldset><\/div><div id=\"wpforms-101-field_7-container\" class=\"wpforms-field wpforms-field-textarea\" data-field-id=\"7\"><label class=\"wpforms-field-label\" for=\"wpforms-101-field_7\">Podaj liczb\u0119 i imiona os\u00f3b w Twoim towarzystwie.<\/label><textarea id=\"wpforms-101-field_7\" class=\"wpforms-field-medium\" name=\"wpforms[fields][7]\" aria-errormessage=\"wpforms-101-field_7-error\" ><\/textarea><\/div><div id=\"wpforms-101-field_10-container\" class=\"wpforms-field wpforms-field-textarea\" data-field-id=\"10\"><label class=\"wpforms-field-label\" for=\"wpforms-101-field_10\">Czy w Twoim towarzystwie b\u0119d\u0105 dzieci? Je\u015bli tak, prosimy poda\u0107 ich wiek.<\/label><textarea id=\"wpforms-101-field_10\" class=\"wpforms-field-medium\" name=\"wpforms[fields][10]\" aria-errormessage=\"wpforms-101-field_10-error\" ><\/textarea><\/div>\t\t<div id=\"wpforms-101-field_2-container\"\n\t\t\tclass=\"wpforms-field wpforms-field-text\"\n\t\t\tdata-field-type=\"text\"\n\t\t\tdata-field-id=\"2\"\n\t\t\t>\n\t\t\t<label class=\"wpforms-field-label\" for=\"wpforms-101-field_2\" >wymagania Prosimy swoj\u0105<\/label>\n\t\t\t<input type=\"text\" id=\"wpforms-101-field_2\" class=\"wpforms-field-medium\" name=\"wpforms[fields][2]\" >\n\t\t<\/div>\n\t\t<div id=\"wpforms-101-field_11-container\" class=\"wpforms-field wpforms-field-textarea\" data-field-id=\"11\"><label class=\"wpforms-field-label\" for=\"wpforms-101-field_11\">Czy masz jakie\u015b wymagania dietetyczne lub alergie? Prosimy poda\u0107 szczeg\u00f3\u0142y.<\/label><textarea id=\"wpforms-101-field_11\" class=\"wpforms-field-medium\" name=\"wpforms[fields][11]\" aria-errormessage=\"wpforms-101-field_11-error\" ><\/textarea><\/div><div id=\"wpforms-101-field_12-container\" class=\"wpforms-field wpforms-field-radio\" data-field-id=\"12\"><fieldset><legend class=\"wpforms-field-label\">Czy potrzebujesz noclegu? <span class=\"wpforms-required-label\" aria-hidden=\"true\">*<\/span><\/legend><ul id=\"wpforms-101-field_12\" class=\"wpforms-field-required\"><li class=\"choice-1 depth-1\"><input type=\"radio\" id=\"wpforms-101-field_12_1\" name=\"wpforms[fields][12]\" value=\"Nie\" aria-errormessage=\"wpforms-101-field_12_1-error\" required ><label class=\"wpforms-field-label-inline\" for=\"wpforms-101-field_12_1\">Nie<\/label><\/li><li class=\"choice-2 depth-1\"><input type=\"radio\" id=\"wpforms-101-field_12_2\" name=\"wpforms[fields][12]\" value=\"Tak, tylko w noc wesela 25\/26.09.2026\" aria-errormessage=\"wpforms-101-field_12_2-error\" required ><label class=\"wpforms-field-label-inline\" for=\"wpforms-101-field_12_2\">Tak, tylko w noc wesela 25\/26.09.2026<\/label><\/li><li class=\"choice-3 depth-1\"><input type=\"radio\" id=\"wpforms-101-field_12_3\" name=\"wpforms[fields][12]\" value=\"Tak, w noc wesela i noc przed 24\/25.09 i 25\/26.09\" aria-errormessage=\"wpforms-101-field_12_3-error\" required ><label class=\"wpforms-field-label-inline\" for=\"wpforms-101-field_12_3\">Tak, w noc wesela i noc przed 24\/25.09 i 25\/26.09<\/label><\/li><\/ul><\/fieldset><\/div><script>\n\t\t\t\t( function() {\n\t\t\t\t\tconst style = document.createElement( 'style' );\n\t\t\t\t\tstyle.appendChild( document.createTextNode( '#wpforms-101-field_2-container { position: absolute !important; overflow: hidden !important; display: inline !important; height: 1px !important; width: 1px !important; z-index: -1000 !important; padding: 0 !important; } #wpforms-101-field_2-container input { visibility: hidden; } #wpforms-conversational-form-page #wpforms-101-field_2-container label { counter-increment: none; }' ) );\n\t\t\t\t\tdocument.head.appendChild( style );\n\t\t\t\t\tdocument.currentScript?.remove();\n\t\t\t\t} )();\n\t\t\t<\/script><\/div><!-- .wpforms-field-container --><div class=\"wpforms-submit-container\" ><input type=\"hidden\" name=\"wpforms[id]\" value=\"101\"><input type=\"hidden\" name=\"page_title\" value=\"\"><input type=\"hidden\" name=\"page_url\" value=\"https:\/\/sylwiaioskar.pl\/index.php?rest_route=\/wp\/v2\/pages\/68\"><input type=\"hidden\" name=\"url_referer\" value=\"\"><button type=\"submit\" name=\"wpforms[submit]\" id=\"wpforms-submit-101\" class=\"wpforms-submit\" data-alt-text=\"Sending...\" data-submit-text=\"Gotowe\" aria-live=\"assertive\" value=\"wpforms-submit\">Gotowe<\/button><img loading=\"lazy\" decoding=\"async\" src=\"https:\/\/sylwiaioskar.pl\/wp-content\/plugins\/wpforms-lite\/assets\/images\/submit-spin.svg\" class=\"wpforms-submit-spinner\" style=\"display: none;\" width=\"26\" height=\"26\" alt=\"Loading\"><\/div><\/form><\/div>  <!-- .wpforms-container -->","protected":false},"excerpt":{"rendered":"","protected":false},"author":1,"featured_media":0,"parent":0,"menu_order":0,"comment_status":"closed","ping_status":"closed","template":"full-width","meta":{"saved_in_kubio":true,"footnotes":""},"class_list":["post-68","page","type-page","status-publish","hentry"],"kubio_ai_page_context":{"short_desc":"","purpose":"general"},"_links":{"self":[{"href":"https:\/\/sylwiaioskar.pl\/index.php?rest_route=\/wp\/v2\/pages\/68","targetHints":{"allow":["GET"]}}],"collection":[{"href":"https:\/\/sylwiaioskar.pl\/index.php?rest_route=\/wp\/v2\/pages"}],"about":[{"href":"https:\/\/sylwiaioskar.pl\/index.php?rest_route=\/wp\/v2\/types\/page"}],"author":[{"embeddable":true,"href":"https:\/\/sylwiaioskar.pl\/index.php?rest_route=\/wp\/v2\/users\/1"}],"replies":[{"embeddable":true,"href":"https:\/\/sylwiaioskar.pl\/index.php?rest_route=%2Fwp%2Fv2%2Fcomments&post=68"}],"version-history":[{"count":2,"href":"https:\/\/sylwiaioskar.pl\/index.php?rest_route=\/wp\/v2\/pages\/68\/revisions"}],"predecessor-version":[{"id":140,"href":"https:\/\/sylwiaioskar.pl\/index.php?rest_route=\/wp\/v2\/pages\/68\/revisions\/140"}],"wp:attachment":[{"href":"https:\/\/sylwiaioskar.pl\/index.php?rest_route=%2Fwp%2Fv2%2Fmedia&parent=68"}],"curies":[{"name":"wp","href":"https:\/\/api.w.org\/{rel}","templated":true}]}}